1948 + 11852. What is the hundreds digit of d?
8
Suppose 83*m + 4*p - 5988 = 79*m, 5*p = 25. What is the tens digit of m?
9
Suppose 4*d = 0, -d + 2520 = 5*u - 4*d. Suppose 40*t - 43*t - u = 0. Let i = -76 - t. What is the units digit of i?
2
Let q(s) = 4*s - 5. Let d be q(2). Suppose -2*b - 225 = 3*b - d*m, -3*b - m = 135. What is the tens digit of (b/10)/(4/(-40))?
4
Let w = 373 - 366. Suppose -8*a + w*a = -1532. What is the hundreds digit of a?
5
Let a = 83 - 72. Let u(d) = d**2 - 9*d - 2. Let g be u(a). Let i = 56 + g. What is the units digit of i?
6
Let z be (-8)/(4 + -6) + -4. Suppose x - 4*i - 731 = 0, -x + 7*i - 9*i + 749 = z. What is the hundreds digit of x?
7
Suppose -5*c + 9 = -1. Suppose -4*g + 2*q = -g - 18, 2*g + c*q = 22. What is the hundreds digit of 104 + (-1)/(4/g) + -1?
1
Suppose x = 2*f - 1456, 0 = -f + 6*f + 3*x - 3651. Let i = f - 309. What is the tens digit of i?
2
Let v(j) = -j**3 - 16*j**2 + 58*j + 34. Let s be v(-19). Let t(h) = h**2 + 7*h - 88. What is the tens digit of t(s)?
4
Suppose 0 = -27*v + 8307 + 114540 + 40773. What is the units digit of v?
0
Suppose t = 2*v + 34240, -3*v - 68475 = 589*t - 591*t. What is the ten thousands digit of t?
3
Suppose -45*r + 42*r - 2301 = 0. Let p = r + 1085. What is the units digit of p?
8
Let k = -441 - -672. Let v = 1232 - k. What is the units digit of v?
1
Let b = 50 - 2. Suppose -f + 4*f + 12 = 0, 0 = 3*y + 5*f + 5. Suppose -57 = -y*s + b. What is the tens digit of s?
2
Let h = -381 + 385. Suppose h*r = -i + 558, 6*i + 3*r - 1131 = 4*i. What is the hundreds digit of i?
5
Suppose 29 = -0*m + 4*m + 3*h, 31 = 5*m + 2*h. Suppose -1001 = m*w - 2501. What is the hundreds digit of w?
3
Suppose 2*u = -2*c - 3*c + 14, -4*c + 3*u + 2 = 0. Suppose -5*g - 2931 = -c*i, -i + 1294 + 185 = 2*g. What is the units digit of i?
3
Suppose 3*f + 21 = 6*f. Let w(y) = -3*y**2 + 12*y + 25. Let b(u) = -u**2 + 2*u + 6. Let g(n) = -4*b(n) + w(n). What is the units digit of g(f)?
8
Let d(r) be the second derivative of 3*r**3 + 12*r**2 + 10*r. Let k be d(-8). What is the tens digit of k/(-9)*60/(-8)*-1?
0
Let a = 158 + -80. Let z = a + -103. Let m(l) = l**3 + 25*l**2 - 9*l + 16. What is the tens digit of m(z)?
4
Suppose 2*s - 4*x = 36936, 26*s - 73968 = 22*s - 8*x. What is the hundreds digit of s?
4
Let z(s) = -69*s - 194. What is the units digit of z(-15)?
1
Suppose 60*l = 61*l - 3*z - 14406, 5*l - 5*z = 72050. What is the hundreds digit of l?
4
Let q = -16 + 12. Let j be ((-2)/q)/(6 - 85/14). What is the units digit of ((-60)/j)/((-4)/(-28))?
0
Let x = -20774 - -47154. What is the units digit of x?
0
Let h(p) = 2*p - 50. Let t be h(26). Suppose 802 = -3*q + g, -5*g + t*g = -q - 278. Let x = q + 457. What is the units digit of x?
1
Let s be 7/((-7)/2) + 612. Let q = s - 308. What is the tens digit of q?
0
Suppose -40*a + 46*a = 5*l - 240719, 0 = -3*a + 3. What is the thousands digit of l?
8
Let q(p) = -p**3 - 12*p**2 + 9*p - 6. Let i be q(4). Let w = 480 + i. What is the hundreds digit of w?
2
Let z(c) be the first derivative of 7/2*c**2 + 14 + 10*c. What is the units digit of z(12)?
4
Let q be 10/1*(3 - 7 - -16). Suppose 7*c - 4*c + 214 = 2*d, 2*c + 436 = 4*d. Let g = q + d. What is the units digit of g?
0
Let b = 2034 - 651. What is the tens digit of b?
8
Suppose -7*u + 308015 = 63302. What is the tens digit of u?
5
Let u(t) = -3*t + 2. Let i(v) = -16*v + 10. Let d(a) = -4*i(a) + 22*u(a). Let o be d(3). What is the tens digit of 17 + (o - 0) - -2?
1
Suppose -3*i + 2*x + 10 = 3*x, 20 = 5*i + 5*x. Suppose 5*k - 5 - 15 = 0, -17 = -i*v - 2*k. Suppose -4*s + v*s + 45 = 0. What is the units digit of s?
5
Let q be 1/((-8)/(-212))*-2. Let k = 250 + q. Let m = 359 - k. What is the units digit of m?
2
Let f(b) = 38*b**2 - 58*b + 29. Let c be f(-26). Suppose 14*z + 9683 = c. What is the units digit of z?
3
What is the tens digit of ((-21)/9 - (-1920)/144) + 12692?
0
Let j = 13099 + -7196. What is the tens digit of j?
0
Suppose -3*c = -0*c + k - 9995, -2*k - 9980 = -3*c. Suppose 4*o + c + 2574 = 4*t, -t + 1473 = -4*o. What is the tens digit of t?
7
Let o(a) = -6*a - 4. Let x be o(-3). Let q be x/49 + (-1968)/(-21). Let w = -27 + q. What is the units digit of w?
7
Let m(k) = 2*k**2 - 9*k - 330. What is the units digit of m(-54)?
8
Let c(i) = -i**2 + 4*i + 32. Let g be c(8). Suppose g = 25*f - 2439 - 136. What is the tens digit of f?
0
What is the units digit of (-7)/4 - (-271395)/148?
2
Let q be (-186)/(-8) + 11/4 + -3. Suppose -3*z - 4*w = -q, -6*z - 3*w = -z - 31. Suppose 3*h = z*o - 1362, -3*o + 868 = 3*h + 46. What is the units digit of o?
3
Let c(k) be the first derivative of -k**2/2 - 11*k + 36. Let o be c(-4). Let i(y) = -y**2 - 18*y + 9. What is the units digit of i(o)?
6
Suppose 115*n = 117*n + 2*u - 36744, 3*u - 73492 = -4*n. What is the thousands digit of n?
8
Let b(q) = -4*q**3 - 5*q**2 - 42*q - 45. What is the tens digit of b(-18)?
1
What is the thousands digit of (0 - 2)*(-86)/(-172)*(2 + -9529)?
9
Suppose 80724 = -49*c + 56*c. What is the hundreds digit of c?
5
Let z be 2*2/(-4) - -14. Suppose -20*t + 7 = -z*t. Let u(h) = 237*h**2 + 5*h - 2. What is the tens digit of u(t)?
4
Let f be (-11)/22*(0 + 0) + 2. Let q be -1*(f - 14)*2/6. Suppose 0 = 2*r - q*x - 252, 7*x - 630 = -5*r + 3*x. What is the hundreds digit of r?
1
Suppose -225 = 5*l + v, -2*l - 2*v + 32 = 130. Let j(s) = 12*s**2 - 11*s + 52. Let m be j(4). Let o = m + l. What is the hundreds digit of o?
1
Let o(s) = -19*s - 197. Let f be o(-5). Let h be (0 + -2)*6/(-4). What is the units digit of 1 - (h + f/2)?
9
Let f be -3 - (-1 - (4 + 1)). What is the hundreds digit of 4 - (-1 + f + -264)?
2
Let g = -72 - -74. Let w(n) = 2*n**3 - 1. Let u be w(g). What is the tens digit of (-1704)/(-15) - (-6)/u?
1
Suppose 0 = t + 2*t - 4*l + 104, 4*l = 2*t + 68. Let u(s) = 3*s**2 + 70*s + 156. What is the hundreds digit of u(t)?
5
Let i be (-26)/(656/(-652) - -1). Suppose 0 = -8*y + i - 1734. What is the units digit of y?
3
Let z(m) = -10*m + 441. Let r(v) = -3*v + 110. Let t(w) = 9*r(w) - 2*z(w). What is the units digit of t(-27)?
7
Let n(f) = 20*f**3 + 8*f**2 - 35*f + 29. What is the thousands digit of n(7)?
7
Suppose -3*m - 117 = -3*r, -3*r + 7*r + m - 131 = 0. Suppose 4*s - 4*k - 160 = 0, s = 2*k + 26 + 12. Let d = r + s. What is the tens digit of d?
7
Let a = -512 - -510. What is the units digit of 6/9*-506*3/a?
6
Suppose -41*p + 786092 = 133189 - 184317. What is the thousands digit of p?
0
Suppose 157 + 56 = -k. Suppose 18*i - 15*i = -132. Let s = i - k. What is the tens digit of s?
6
Let x be 1/3 - 2/6. Let u(v) = v**3 - v**2 - 8*v + 229. What is the units digit of u(x)?
9
Suppose 0 = -89*a + 93*a - 11304. Suppose a = 2*o + 630. What is the tens digit of o?
9
Let j(u) = -7*u**2 + 58*u + 6. Let y(k) = -7*k**2 + 58*k + 5. Let h(n) = -6*j(n) + 5*y(n). What is the hundreds digit of h(14)?
5
Suppose 719*k - 691*k = 253288. What is the tens digit of k?
4
Let h be -1 - -2 - (-2)/((-2)/(-2)). Let f(c) = c**2 + 52 + 0*c + c - 51 - 144*c**h. What is the units digit of f(-1)?
5
Let g(d) = -352*d - 369. What is the units digit of g(-2)?
5
Suppose 20*y = 32495 + 174605. What is the tens digit of y?
5
Let d(k) be the first derivative of -2*k**3/3 + 5*k**2/2 - 9*k + 8. Let n be d(6). Let j = 108 + n. What is the units digit of j?
7
Suppose -146*y + 9443 = -145*y + 5*g, -4*y + 37872 = -5*g. What is the hundreds digit of y?
4
Let d = 44 - 42. Let v(c) = 10*c**d + 1 - 192*c + c**3 + 2 + 203*c. What is the units digit of v(-8)?
3
Let g be (3288/24)/((-2)/(-4)). Let b = 320 - g. What is the units digit of b?
6
Suppose 15*i + 1351 = -2279. Let f = i + 254. What is the units digit of f?
2
Let g = -62 - -59. Let x be (-81)/((-2 - g)/(-1)). What is the units digit of (96/(-9))/((-9)/(x/6))?
6
Suppose 21*t + 5767 = -1793. Let w = -270 - t. What is the tens digit of w?
9
Let l be (-16 - -13)*11/3. What is the tens digit of l + 456 - (1 + 1)?
4
Suppose -3*v = -c - 446 + 174, -c - 456 = -5*v. Let w = 152 - v. Let x = w + -42. What is the tens digit of x?
1
Let n(d) = 36*d - 178. Let l be n(5). Let c(y) = 343*y**3 - y**2 + y - 1. Let f be c(1). Suppose l*u = -7*u + f. What is the units digit of u?
8
Let d(c) = -c**3 - 4*c**2 + 6*c - 44. Let t = -272 + 265. What is the tens digit